[INFO] cloning repository https://github.com/Protom512/rs-net-radio
[INFO] running `Command { std: "git" "-c" "credential.helper=" "-c" "credential.helper=/workspace/cargo-home/bin/git-credential-null" "clone" "--bare" "https://github.com/Protom512/rs-net-radio" "/workspace/cache/git-repos/https%3A%2F%2Fgithub.com%2FProtom512%2Frs-net-radio", kill_on_drop: false }`
[INFO] [stderr] Cloning into bare repository '/workspace/cache/git-repos/https%3A%2F%2Fgithub.com%2FProtom512%2Frs-net-radio'...
[INFO] running `Command { std: "git" "rev-parse" "HEAD", kill_on_drop: false }`
[INFO] [stdout] 5e09e95886202c0527d4da3ec5c46587f8e2c26e
[INFO] checking Protom512/rs-net-radio against master#9610dfe5a9a731ced1ea4923ecbd0c57fe367898 for beta-170-4
[INFO] running `Command { std: "git" "clone" "/workspace/cache/git-repos/https%3A%2F%2Fgithub.com%2FProtom512%2Frs-net-radio" "/workspace/builds/worker-5-tc1/source", kill_on_drop: false }`
[INFO] [stderr] Cloning into '/workspace/builds/worker-5-tc1/source'...
[INFO] [stderr] done.
[INFO] validating manifest of git repo https://github.com/Protom512/rs-net-radio on toolchain 9610dfe5a9a731ced1ea4923ecbd0c57fe367898
[INFO] running `Command { std: CARGO_HOME="/workspace/cargo-home" RUSTUP_HOME="/workspace/rustup-home" "/workspace/cargo-home/bin/cargo" "+9610dfe5a9a731ced1ea4923ecbd0c57fe367898" "metadata" "--manifest-path" "Cargo.toml" "--no-deps", kill_on_drop: false }`
[INFO] started tweaking git repo https://github.com/Protom512/rs-net-radio
[INFO] finished tweaking git repo https://github.com/Protom512/rs-net-radio
[INFO] tweaked toml for git repo https://github.com/Protom512/rs-net-radio written to /workspace/builds/worker-5-tc1/source/Cargo.toml
[INFO] crate git repo https://github.com/Protom512/rs-net-radio already has a lockfile, it will not be regenerated
[INFO] running `Command { std: CARGO_HOME="/workspace/cargo-home" RUSTUP_HOME="/workspace/rustup-home" "/workspace/cargo-home/bin/cargo" "+9610dfe5a9a731ced1ea4923ecbd0c57fe367898" "fetch" "--manifest-path" "Cargo.toml", kill_on_drop: false }`
[INFO] [stderr]     Updating crates.io index
[INFO] [stderr]  Downloading crates ...
[INFO] [stderr]   Downloaded m3u8-rs v5.0.3
[INFO] [stderr]   Downloaded tokio-cron-scheduler v0.9.4
[INFO] [stderr]   Downloaded rustix v0.37.5
[INFO] running `Command { std: "docker" "create" "-v" "/var/lib/crater-agent-workspace/builds/worker-5-tc1/target:/opt/rustwide/target:rw,Z" "-v" "/var/lib/crater-agent-workspace/builds/worker-5-tc1/source:/opt/rustwide/workdir:ro,Z" "-v" "/var/lib/crater-agent-workspace/cargo-home:/opt/rustwide/cargo-home:ro,Z" "-v" "/var/lib/crater-agent-workspace/rustup-home:/opt/rustwide/rustup-home:ro,Z" "-e" "SOURCE_DIR=/opt/rustwide/workdir" "-e" "CARGO_TARGET_DIR=/opt/rustwide/target" "-e" "CARGO_HOME=/opt/rustwide/cargo-home" "-e" "RUSTUP_HOME=/opt/rustwide/rustup-home" "-w" "/opt/rustwide/workdir" "-m" "1610612736" "--user" "0:0" "--network" "none" "ghcr.io/rust-lang/crates-build-env/linux@sha256:19e73879b68f455e41552ea35293514db52ea292d993f571636dbffedb77a1ee" "/opt/rustwide/cargo-home/bin/cargo" "+9610dfe5a9a731ced1ea4923ecbd0c57fe367898" "metadata" "--no-deps" "--format-version=1", kill_on_drop: false }`
[INFO] [stdout] 6669b961ea2c0b2f58963b5e7cc7d3d739e63a949e3b1965e4b338b03b14afbb
[INFO] running `Command { std: "docker" "start" "-a" "6669b961ea2c0b2f58963b5e7cc7d3d739e63a949e3b1965e4b338b03b14afbb", kill_on_drop: false }`
[INFO] running `Command { std: "docker" "inspect" "6669b961ea2c0b2f58963b5e7cc7d3d739e63a949e3b1965e4b338b03b14afbb", kill_on_drop: false }`
[INFO] running `Command { std: "docker" "rm" "-f" "6669b961ea2c0b2f58963b5e7cc7d3d739e63a949e3b1965e4b338b03b14afbb", kill_on_drop: false }`
[INFO] [stdout] 6669b961ea2c0b2f58963b5e7cc7d3d739e63a949e3b1965e4b338b03b14afbb
[INFO] running `Command { std: "docker" "create" "-v" "/var/lib/crater-agent-workspace/builds/worker-5-tc1/target:/opt/rustwide/target:rw,Z" "-v" "/var/lib/crater-agent-workspace/builds/worker-5-tc1/source:/opt/rustwide/workdir:ro,Z" "-v" "/var/lib/crater-agent-workspace/cargo-home:/opt/rustwide/cargo-home:ro,Z" "-v" "/var/lib/crater-agent-workspace/rustup-home:/opt/rustwide/rustup-home:ro,Z" "-e" "SOURCE_DIR=/opt/rustwide/workdir" "-e" "CARGO_TARGET_DIR=/opt/rustwide/target" "-e" "CARGO_INCREMENTAL=0" "-e" "RUST_BACKTRACE=full" "-e" "RUSTFLAGS=--cap-lints=forbid" "-e" "RUSTDOCFLAGS=--cap-lints=forbid" "-e" "CARGO_HOME=/opt/rustwide/cargo-home" "-e" "RUSTUP_HOME=/opt/rustwide/rustup-home" "-w" "/opt/rustwide/workdir" "-m" "1610612736" "--user" "0:0" "--network" "none" "ghcr.io/rust-lang/crates-build-env/linux@sha256:19e73879b68f455e41552ea35293514db52ea292d993f571636dbffedb77a1ee" "/opt/rustwide/cargo-home/bin/cargo" "+9610dfe5a9a731ced1ea4923ecbd0c57fe367898" "check" "--frozen" "--all" "--all-targets" "--message-format=json", kill_on_drop: false }`
[INFO] [stdout] 7b64fec3bc9d1955c6ad295a7b98cbc3dd2a1f91cdffba70fef7011a2b2e5d52
[INFO] running `Command { std: "docker" "start" "-a" "7b64fec3bc9d1955c6ad295a7b98cbc3dd2a1f91cdffba70fef7011a2b2e5d52", kill_on_drop: false }`
[INFO] [stderr]    Compiling libc v0.2.140
[INFO] [stderr]    Compiling proc-macro2 v1.0.52
[INFO] [stderr]    Compiling quote v1.0.26
[INFO] [stderr]    Compiling unicode-ident v1.0.6
[INFO] [stderr]    Compiling syn v1.0.107
[INFO] [stderr]    Compiling cfg-if v1.0.0
[INFO] [stderr]    Compiling ppv-lite86 v0.2.17
[INFO] [stderr]    Compiling log v0.4.17
[INFO] [stderr]    Compiling siphasher v0.3.10
[INFO] [stderr]    Compiling memchr v2.5.0
[INFO] [stderr]     Checking once_cell v1.17.1
[INFO] [stderr]     Checking smallvec v1.10.0
[INFO] [stderr]    Compiling parking_lot_core v0.9.7
[INFO] [stderr]    Compiling phf_shared v0.10.0
[INFO] [stderr]    Compiling getrandom v0.1.16
[INFO] [stderr]    Compiling serde_derive v1.0.158
[INFO] [stderr]     Checking pin-project-lite v0.2.9
[INFO] [stderr]     Checking itoa v1.0.5
[INFO] [stderr]    Compiling cc v1.0.79
[INFO] [stderr]    Compiling pkg-config v0.3.26
[INFO] [stderr]     Checking bytes v1.4.0
[INFO] [stderr]    Compiling serde v1.0.158
[INFO] [stderr]    Compiling syn v2.0.4
[INFO] [stderr]    Compiling tokio v1.26.0
[INFO] [stderr]    Compiling futures-core v0.3.26
[INFO] [stderr]    Compiling proc-macro-hack v0.5.20+deprecated
[INFO] [stderr]    Compiling getrandom v0.2.8
[INFO] [stderr]     Checking parking_lot v0.12.1
[INFO] [stderr]    Compiling rand_core v0.6.4
[INFO] [stderr]    Compiling rand_core v0.5.1
[INFO] [stderr]     Checking mio v0.8.6
[INFO] [stderr]    Compiling rand_chacha v0.3.1
[INFO] [stderr]     Checking signal-hook-registry v1.4.1
[INFO] [stderr]    Compiling openssl-sys v0.9.83
[INFO] [stderr]     Checking socket2 v0.4.7
[INFO] [stderr]     Checking num_cpus v1.15.0
[INFO] [stderr]    Compiling rand_pcg v0.2.1
[INFO] [stderr]    Compiling rand v0.8.5
[INFO] [stderr]    Compiling rand_chacha v0.2.2
[INFO] [stderr]     Checking tracing-core v0.1.30
[INFO] [stderr]    Compiling slab v0.4.8
[INFO] [stderr]    Compiling num-traits v0.2.15
[INFO] [stderr]    Compiling io-lifetimes v1.0.5
[INFO] [stderr]    Compiling futures-task v0.3.26
[INFO] [stderr]    Compiling rand v0.7.3
[INFO] [stderr]    Compiling phf_generator v0.10.0
[INFO] [stderr]    Compiling phf_shared v0.8.0
[INFO] [stderr]    Compiling indexmap v1.9.2
[INFO] [stderr]    Compiling num-integer v0.1.45
[INFO] [stderr]     Checking new_debug_unreachable v1.0.4
[INFO] [stderr]    Compiling futures-util v0.3.26
[INFO] [stderr]     Checking http v0.2.9
[INFO] [stderr]    Compiling openssl v0.10.48
[INFO] [stderr]    Compiling string_cache_codegen v0.5.2
[INFO] [stderr]    Compiling phf_codegen v0.10.0
[INFO] [stderr]    Compiling phf_generator v0.8.0
[INFO] [stderr]     Checking hashbrown v0.12.3
[INFO] [stderr]    Compiling futures-channel v0.3.26
[INFO] [stderr]    Compiling native-tls v0.2.11
[INFO] [stderr]    Compiling httparse v1.8.0
[INFO] [stderr]     Checking precomputed-hash v0.1.1
[INFO] [stderr]     Checking futures-sink v0.3.26
[INFO] [stderr]     Checking tinyvec_macros v0.1.1
[INFO] [stderr]     Checking futures-io v0.3.26
[INFO] [stderr]     Checking mac v0.1.1
[INFO] [stderr]     Checking futf v0.1.5
[INFO] [stderr]     Checking tinyvec v1.6.0
[INFO] [stderr]    Compiling markup5ever v0.11.0
[INFO] [stderr]    Compiling phf_codegen v0.8.0
[INFO] [stderr]     Checking time v0.1.45
[INFO] [stderr]     Checking utf-8 v0.7.6
[INFO] [stderr]     Checking iana-time-zone v0.1.53
[INFO] [stderr]     Checking minimal-lexical v0.2.1
[INFO] [stderr]    Compiling version_check v0.9.4
[INFO] [stderr]     Checking percent-encoding v2.2.0
[INFO] [stderr]     Checking dtoa v0.4.8
[INFO] [stderr]     Checking try-lock v0.2.4
[INFO] [stderr]     Checking want v0.3.0
[INFO] [stderr]     Checking dtoa-short v0.3.3
[INFO] [stderr]     Checking nom v7.1.3
[INFO] [stderr]     Checking form_urlencoded v1.1.0
[INFO] [stderr]     Checking chrono v0.4.24
[INFO] [stderr]     Checking unicode-normalization v0.1.22
[INFO] [stderr]    Compiling ahash v0.8.3
[INFO] [stderr]     Checking tendril v0.4.3
[INFO] [stderr]    Compiling selectors v0.24.0
[INFO] [stderr]     Checking http-body v0.4.5
[INFO] [stderr]     Checking unicode-bidi v0.3.10
[INFO] [stderr]    Compiling rustix v0.37.5
[INFO] [stderr]     Checking byteorder v1.4.3
[INFO] [stderr]     Checking tower-service v0.3.2
[INFO] [stderr]    Compiling serde_json v1.0.96
[INFO] [stderr]    Compiling thiserror v1.0.38
[INFO] [stderr]     Checking stable_deref_trait v1.2.0
[INFO] [stderr]     Checking nodrop v0.1.14
[INFO] [stderr]     Checking ryu v1.0.12
[INFO] [stderr]     Checking matches v0.1.10
[INFO] [stderr]    Compiling convert_case v0.4.0
[INFO] [stderr]     Checking servo_arc v0.2.0
[INFO] [stderr]     Checking fxhash v0.2.1
[INFO] [stderr]     Checking idna v0.3.0
[INFO] [stderr]     Checking phf v0.8.0
[INFO] [stderr]     Checking linux-raw-sys v0.3.0
[INFO] [stderr]     Checking unicode-width v0.1.10
[INFO] [stderr]     Checking getopts v0.2.21
[INFO] [stderr]     Checking rand v0.4.6
[INFO] [stderr]     Checking encoding_rs v0.8.32
[INFO] [stderr]     Checking fastrand v1.9.0
[INFO] [stderr]     Checking ego-tree v0.6.2
[INFO] [stderr]     Checking url v2.3.1
[INFO] [stderr]     Checking base64 v0.21.0
[INFO] [stderr]     Checking xml-rs v0.8.4
[INFO] [stderr]     Checking remove_dir_all v0.5.3
[INFO] [stderr]     Checking ipnet v2.7.1
[INFO] [stderr]     Checking tempdir v0.3.7
[INFO] [stderr]     Checking m3u8-rs v5.0.3
[INFO] [stderr]     Checking fs_extra v1.3.0
[INFO] [stderr]    Compiling rustix v0.36.8
[INFO] [stderr]     Checking linux-raw-sys v0.1.4
[INFO] [stderr]     Checking aho-corasick v0.7.20
[INFO] [stderr]     Checking regex-syntax v0.6.28
[INFO] [stderr]    Compiling tokio-cron-scheduler v0.9.4
[INFO] [stderr]     Checking cron v0.12.0
[INFO] [stderr]     Checking uuid v1.3.0
[INFO] [stderr]     Checking termcolor v1.2.0
[INFO] [stderr]     Checking humantime v2.1.0
[INFO] [stderr]    Compiling tokio-macros v1.8.2
[INFO] [stderr]    Compiling tracing-attributes v0.1.23
[INFO] [stderr]    Compiling phf_macros v0.10.0
[INFO] [stderr]    Compiling openssl-macros v0.1.0
[INFO] [stderr]    Compiling cssparser v0.29.6
[INFO] [stderr]    Compiling html5ever v0.26.0
[INFO] [stderr]    Compiling cssparser-macros v0.6.0
[INFO] [stderr]    Compiling thiserror-impl v1.0.38
[INFO] [stderr]     Checking phf v0.10.1
[INFO] [stderr]    Compiling derive_more v0.99.17
[INFO] [stderr]     Checking tracing v0.1.37
[INFO] [stderr]     Checking tempfile v3.5.0
[INFO] [stderr]     Checking is-terminal v0.4.3
[INFO] [stderr]     Checking regex v1.7.1
[INFO] [stderr]    Compiling num-derive v0.3.3
[INFO] [stderr]     Checking env_logger v0.10.0
[INFO] [stderr]     Checking string_cache v0.8.4
[INFO] [stderr]     Checking serde_urlencoded v0.7.1
[INFO] [stderr]     Checking serde-xml-rs v0.6.0
[INFO] [stderr]     Checking tokio-util v0.7.7
[INFO] [stderr]     Checking tokio-native-tls v0.3.1
[INFO] [stderr]     Checking h2 v0.3.17
[INFO] [stderr]     Checking scraper v0.16.0
[INFO] [stderr]     Checking hyper v0.14.24
[INFO] [stderr]     Checking hyper-tls v0.5.0
[INFO] [stderr]     Checking reqwest v0.11.14
[INFO] [stderr]     Checking record-lib v0.1.0 (/opt/rustwide/workdir/record-lib)
[INFO] [stdout] warning: use of deprecated struct `chrono::Date`: Use `NaiveDate` or `DateTime<Tz>` instead
[INFO] [stdout]  --> record-lib/src/record/ag.rs:1:14
[INFO] [stdout]   |
[INFO] [stdout] 1 | use chrono::{Date, DateTime, Duration, Local};
[INFO] [stdout]   |              ^^^^
[INFO] [stdout]   |
[INFO] [stdout]   = note: `#[warn(deprecated)]` on by default
[INFO] [stdout] 
[INFO] [stdout] 
[INFO] [stdout] warning: use of deprecated struct `chrono::Date`: Use `NaiveDate` or `DateTime<Tz>` instead
[INFO] [stdout]    --> record-lib/src/record/ag.rs:157:25
[INFO] [stdout]     |
[INFO] [stdout] 157 |         let local_date: Date<Local> = Local::today();
[INFO] [stdout]     |                         ^^^^
[INFO] [stdout] 
[INFO] [stdout] 
[INFO] [stdout] warning: use of deprecated function `base64::encode`: Use Engine::encode
[INFO] [stdout]    --> record-lib/src/record/radiko.rs:453:17
[INFO] [stdout]     |
[INFO] [stdout] 453 |         base64::encode(&radiko_authkey_value[keyoffset..(keyoffset + key_length as usize)]);
[INFO] [stdout]     |                 ^^^^^^
[INFO] [stdout] 
[INFO] [stdout] 
[INFO] [stdout] warning: use of deprecated function `base64::encode`: Use Engine::encode
[INFO] [stdout]    --> record-lib/src/record/radiko.rs:169:21
[INFO] [stdout]     |
[INFO] [stdout] 169 |             base64::encode(&radiko_authkey_value[keyoffset..(keyoffset + key_length as usize)]);
[INFO] [stdout]     |                     ^^^^^^
[INFO] [stdout] 
[INFO] [stdout] 
[INFO] [stdout] warning: use of deprecated struct `chrono::Date`: Use `NaiveDate` or `DateTime<Tz>` instead
[INFO] [stdout]  --> record-lib/src/record/ag.rs:1:14
[INFO] [stdout]   |
[INFO] [stdout] 1 | use chrono::{Date, DateTime, Duration, Local};
[INFO] [stdout]   |              ^^^^
[INFO] [stdout]   |
[INFO] [stdout]   = note: `#[warn(deprecated)]` on by default
[INFO] [stdout] 
[INFO] [stdout] 
[INFO] [stdout] warning: use of deprecated struct `chrono::Date`: Use `NaiveDate` or `DateTime<Tz>` instead
[INFO] [stdout]    --> record-lib/src/record/ag.rs:157:25
[INFO] [stdout]     |
[INFO] [stdout] 157 |         let local_date: Date<Local> = Local::today();
[INFO] [stdout]     |                         ^^^^
[INFO] [stdout] 
[INFO] [stdout] 
[INFO] [stdout] warning: use of deprecated function `base64::encode`: Use Engine::encode
[INFO] [stdout]    --> record-lib/src/record/radiko.rs:169:21
[INFO] [stdout]     |
[INFO] [stdout] 169 |             base64::encode(&radiko_authkey_value[keyoffset..(keyoffset + key_length as usize)]);
[INFO] [stdout]     |                     ^^^^^^
[INFO] [stdout] 
[INFO] [stdout] 
[INFO] [stdout] warning: use of deprecated associated function `chrono::Local::today`: use `Local::now()` instead
[INFO] [stdout]    --> record-lib/src/record/ag.rs:157:46
[INFO] [stdout]     |
[INFO] [stdout] 157 |         let local_date: Date<Local> = Local::today();
[INFO] [stdout]     |                                              ^^^^^
[INFO] [stdout] 
[INFO] [stdout] 
[INFO] [stdout] warning: use of deprecated associated function `chrono::Local::today`: use `Local::now()` instead
[INFO] [stdout]    --> record-lib/src/record/ag.rs:157:46
[INFO] [stdout]     |
[INFO] [stdout] 157 |         let local_date: Date<Local> = Local::today();
[INFO] [stdout]     |                                              ^^^^^
[INFO] [stdout] 
[INFO] [stdout] 
[INFO] [stdout] warning: use of deprecated method `chrono::Date::<Tz>::and_hms`: Use and_hms_opt() instead
[INFO] [stdout]    --> record-lib/src/record/ag.rs:184:40
[INFO] [stdout]     |
[INFO] [stdout] 184 |             let start_hms = local_date.and_hms(0, 0, 0) + start_offset_h + start_offset_m;
[INFO] [stdout]     |                                        ^^^^^^^
[INFO] [stdout] 
[INFO] [stdout] 
[INFO] [stdout] warning: use of deprecated method `chrono::Date::<Tz>::and_hms`: Use and_hms_opt() instead
[INFO] [stdout]    --> record-lib/src/record/ag.rs:185:38
[INFO] [stdout]     |
[INFO] [stdout] 185 |             let end_hms = local_date.and_hms(0, 0, 0) + end_offset_h + end_offset_m;
[INFO] [stdout]     |                                      ^^^^^^^
[INFO] [stdout] 
[INFO] [stdout] 
[INFO] [stdout] warning: use of deprecated method `chrono::Date::<Tz>::and_hms`: Use and_hms_opt() instead
[INFO] [stdout]    --> record-lib/src/record/ag.rs:184:40
[INFO] [stdout]     |
[INFO] [stdout] 184 |             let start_hms = local_date.and_hms(0, 0, 0) + start_offset_h + start_offset_m;
[INFO] [stdout]     |                                        ^^^^^^^
[INFO] [stdout] 
[INFO] [stdout] 
[INFO] [stdout] warning: use of deprecated method `chrono::Date::<Tz>::and_hms`: Use and_hms_opt() instead
[INFO] [stdout]    --> record-lib/src/record/ag.rs:185:38
[INFO] [stdout]     |
[INFO] [stdout] 185 |             let end_hms = local_date.and_hms(0, 0, 0) + end_offset_h + end_offset_m;
[INFO] [stdout]     |                                      ^^^^^^^
[INFO] [stdout] 
[INFO] [stdout] 
[INFO] [stdout] warning: method `parse_date` is never used
[INFO] [stdout]    --> record-lib/src/record/radiko.rs:490:8
[INFO] [stdout]     |
[INFO] [stdout] 489 | impl ProgDate {
[INFO] [stdout]     | ------------- method in this implementation
[INFO] [stdout] 490 |     fn parse_date(&self) -> NaiveDate {
[INFO] [stdout]     |        ^^^^^^^^^^
[INFO] [stdout]     |
[INFO] [stdout]     = note: `#[warn(dead_code)]` on by default
[INFO] [stdout] 
[INFO] [stdout] 
[INFO] [stdout] warning: 7 warnings emitted
[INFO] [stdout] 
[INFO] [stdout] 
[INFO] [stdout] warning: 7 warnings emitted
[INFO] [stdout] 
[INFO] [stdout] 
[INFO] [stderr]     Checking rs-net-radio v0.1.0 (/opt/rustwide/workdir/app)
[INFO] [stdout] error[E0277]: the trait bound `cron::schedule::Schedule: From<&String>` is not satisfied
[INFO] [stdout]   --> app/src/main.rs:35:36
[INFO] [stdout]    |
[INFO] [stdout] 35 |                 let job = Job::new(&schedule, move |_uuid2, _l2| {
[INFO] [stdout]    |                           -------- ^^^^^^^^^ the trait `From<&String>` is not implemented for `cron::schedule::Schedule`
[INFO] [stdout]    |                           |
[INFO] [stdout]    |                           required by a bound introduced by this call
[INFO] [stdout]    |
[INFO] [stdout]    = help: the trait `TryFrom<&str>` is implemented for `cron::schedule::Schedule`
[INFO] [stdout]    = note: required for `&String` to implement `Into<cron::schedule::Schedule>`
[INFO] [stdout]    = note: required for `cron::schedule::Schedule` to implement `TryFrom<&String>`
[INFO] [stdout] note: required by a bound in `Job::new`
[INFO] [stdout]   --> /opt/rustwide/cargo-home/registry/src/index.crates.io-6f17d22bba15001f/tokio-cron-scheduler-0.9.4/src/job/mod.rs:99:30
[INFO] [stdout]    |
[INFO] [stdout] 95 |     pub fn new<S, T, E>(schedule: S, run: T) -> Result<Self, JobSchedulerError>
[INFO] [stdout]    |            --- required by a bound in this associated function
[INFO] [stdout] ...
[INFO] [stdout] 99 |         S: TryInto<Schedule, Error = E>,
[INFO] [stdout]    |                              ^^^^^^^^^ required by this bound in `Job::new`
[INFO] [stdout] 
[INFO] [stdout] 
[INFO] [stdout] error[E0277]: the trait bound `cron::schedule::Schedule: From<&String>` is not satisfied
[INFO] [stdout]   --> app/src/main.rs:35:36
[INFO] [stdout]    |
[INFO] [stdout] 35 |                 let job = Job::new(&schedule, move |_uuid2, _l2| {
[INFO] [stdout]    |                           -------- ^^^^^^^^^ the trait `From<&String>` is not implemented for `cron::schedule::Schedule`
[INFO] [stdout]    |                           |
[INFO] [stdout]    |                           required by a bound introduced by this call
[INFO] [stdout]    |
[INFO] [stdout]    = help: the trait `TryFrom<&str>` is implemented for `cron::schedule::Schedule`
[INFO] [stdout]    = note: required for `&String` to implement `Into<cron::schedule::Schedule>`
[INFO] [stdout]    = note: required for `cron::schedule::Schedule` to implement `TryFrom<&String>`
[INFO] [stdout] note: required by a bound in `Job::new`
[INFO] [stdout]   --> /opt/rustwide/cargo-home/registry/src/index.crates.io-6f17d22bba15001f/tokio-cron-scheduler-0.9.4/src/job/mod.rs:99:30
[INFO] [stdout]    |
[INFO] [stdout] 95 |     pub fn new<S, T, E>(schedule: S, run: T) -> Result<Self, JobSchedulerError>
[INFO] [stdout]    |            --- required by a bound in this associated function
[INFO] [stdout] ...
[INFO] [stdout] 99 |         S: TryInto<Schedule, Error = E>,
[INFO] [stdout]    |                              ^^^^^^^^^ required by this bound in `Job::new`
[INFO] [stdout] 
[INFO] [stdout] 
[INFO] [stdout] error[E0599]: no method named `add` found for opaque type `impl Future<Output = Result<JobScheduler, JobSchedulerError>>` in the current scope
[INFO] [stdout]   --> app/src/main.rs:44:30
[INFO] [stdout]    |
[INFO] [stdout] 44 |                 record_sched.add(job).unwrap();
[INFO] [stdout]    |                              ^^^ method not found in `impl Future<Output = Result<JobScheduler, JobSchedulerError>>`
[INFO] [stdout] 
[INFO] [stdout] 
[INFO] [stdout] error[E0599]: no method named `add` found for opaque type `impl Future<Output = Result<JobScheduler, JobSchedulerError>>` in the current scope
[INFO] [stdout]   --> app/src/main.rs:44:30
[INFO] [stdout]    |
[INFO] [stdout] 44 |                 record_sched.add(job).unwrap();
[INFO] [stdout]    |                              ^^^ method not found in `impl Future<Output = Result<JobScheduler, JobSchedulerError>>`
[INFO] [stdout] 
[INFO] [stdout] 
[INFO] [stdout] error[E0599]: no method named `start` found for opaque type `impl Future<Output = Result<JobScheduler, JobSchedulerError>>` in the current scope
[INFO] [stdout]   --> app/src/main.rs:47:46
[INFO] [stdout]    |
[INFO] [stdout] 47 |         let _res = tokio::spawn(record_sched.start());
[INFO] [stdout]    |                                              ^^^^^ method not found in `impl Future<Output = Result<JobScheduler, JobSchedulerError>>`
[INFO] [stdout] 
[INFO] [stdout] 
[INFO] [stdout] error[E0599]: no method named `start` found for opaque type `impl Future<Output = Result<JobScheduler, JobSchedulerError>>` in the current scope
[INFO] [stdout]   --> app/src/main.rs:47:46
[INFO] [stdout]    |
[INFO] [stdout] 47 |         let _res = tokio::spawn(record_sched.start());
[INFO] [stdout]    |                                              ^^^^^ method not found in `impl Future<Output = Result<JobScheduler, JobSchedulerError>>`
[INFO] [stdout] 
[INFO] [stdout] 
[INFO] [stdout] error[E0308]: mismatched types
[INFO] [stdout]   --> app/src/main.rs:20:5
[INFO] [stdout]    |
[INFO] [stdout] 16 |   fn job_radiko(init_schedule: &str, ch: &'static str) -> Result<Job, Box<dyn Error>> {
[INFO] [stdout]    |                                                           --------------------------- expected `Result<Job, Box<(dyn std::error::Error + 'static)>>` because of return type
[INFO] [stdout] ...
[INFO] [stdout] 20 | /     Job::new(init_schedule, move |_uuid, _l| {
[INFO] [stdout] 21 | |         let mut record_sched = JobScheduler::new();
[INFO] [stdout] 22 | |         let arr = RecordRadiko::init(ch);
[INFO] [stdout] 23 | |
[INFO] [stdout] ...  |
[INFO] [stdout] 47 | |         let _res = tokio::spawn(record_sched.start());
[INFO] [stdout] 48 | |     })
[INFO] [stdout]    | |______^ expected `Result<Job, Box<dyn Error>>`, found `Result<Job, JobSchedulerError>`
[INFO] [stdout]    |
[INFO] [stdout]    = note: expected enum `Result<_, Box<(dyn std::error::Error + 'static)>>`
[INFO] [stdout]               found enum `Result<_, JobSchedulerError>`
[INFO] [stdout] help: use `?` to coerce and return an appropriate `Err`, and wrap the resulting value in `Ok` so the expression remains of type `Result`
[INFO] [stdout]    |
[INFO] [stdout] 20 ~     Ok(Job::new(init_schedule, move |_uuid, _l| {
[INFO] [stdout] 21 |         let mut record_sched = JobScheduler::new();
[INFO] [stdout]  ...
[INFO] [stdout] 47 |         let _res = tokio::spawn(record_sched.start());
[INFO] [stdout] 48 ~     })?)
[INFO] [stdout]    |
[INFO] [stdout] 
[INFO] [stdout] 
[INFO] [stdout] error[E0308]: mismatched types
[INFO] [stdout]   --> app/src/main.rs:20:5
[INFO] [stdout]    |
[INFO] [stdout] 16 |   fn job_radiko(init_schedule: &str, ch: &'static str) -> Result<Job, Box<dyn Error>> {
[INFO] [stdout]    |                                                           --------------------------- expected `Result<Job, Box<(dyn std::error::Error + 'static)>>` because of return type
[INFO] [stdout] ...
[INFO] [stdout] 20 | /     Job::new(init_schedule, move |_uuid, _l| {
[INFO] [stdout] 21 | |         let mut record_sched = JobScheduler::new();
[INFO] [stdout] 22 | |         let arr = RecordRadiko::init(ch);
[INFO] [stdout] 23 | |
[INFO] [stdout] ...  |
[INFO] [stdout] 47 | |         let _res = tokio::spawn(record_sched.start());
[INFO] [stdout] 48 | |     })
[INFO] [stdout]    | |______^ expected `Result<Job, Box<dyn Error>>`, found `Result<Job, JobSchedulerError>`
[INFO] [stdout]    |
[INFO] [stdout]    = note: expected enum `Result<_, Box<(dyn std::error::Error + 'static)>>`
[INFO] [stdout]               found enum `Result<_, JobSchedulerError>`
[INFO] [stdout] help: use `?` to coerce and return an appropriate `Err`, and wrap the resulting value in `Ok` so the expression remains of type `Result`
[INFO] [stdout]    |
[INFO] [stdout] 20 ~     Ok(Job::new(init_schedule, move |_uuid, _l| {
[INFO] [stdout] 21 |         let mut record_sched = JobScheduler::new();
[INFO] [stdout]  ...
[INFO] [stdout] 47 |         let _res = tokio::spawn(record_sched.start());
[INFO] [stdout] 48 ~     })?)
[INFO] [stdout]    |
[INFO] [stdout] 
[INFO] [stdout] 
[INFO] [stdout] error[E0277]: the trait bound `cron::schedule::Schedule: From<&String>` is not satisfied
[INFO] [stdout]   --> app/src/main.rs:70:36
[INFO] [stdout]    |
[INFO] [stdout] 70 |                 let job = Job::new(&schedule, move |_uuid2, _l2| {
[INFO] [stdout]    |                           -------- ^^^^^^^^^ the trait `From<&String>` is not implemented for `cron::schedule::Schedule`
[INFO] [stdout]    |                           |
[INFO] [stdout]    |                           required by a bound introduced by this call
[INFO] [stdout]    |
[INFO] [stdout]    = help: the trait `TryFrom<&str>` is implemented for `cron::schedule::Schedule`
[INFO] [stdout]    = note: required for `&String` to implement `Into<cron::schedule::Schedule>`
[INFO] [stdout]    = note: required for `cron::schedule::Schedule` to implement `TryFrom<&String>`
[INFO] [stdout] note: required by a bound in `Job::new`
[INFO] [stdout]   --> /opt/rustwide/cargo-home/registry/src/index.crates.io-6f17d22bba15001f/tokio-cron-scheduler-0.9.4/src/job/mod.rs:99:30
[INFO] [stdout]    |
[INFO] [stdout] 95 |     pub fn new<S, T, E>(schedule: S, run: T) -> Result<Self, JobSchedulerError>
[INFO] [stdout]    |            --- required by a bound in this associated function
[INFO] [stdout] ...
[INFO] [stdout] 99 |         S: TryInto<Schedule, Error = E>,
[INFO] [stdout]    |                              ^^^^^^^^^ required by this bound in `Job::new`
[INFO] [stdout] 
[INFO] [stdout] 
[INFO] [stdout] error[E0277]: the trait bound `cron::schedule::Schedule: From<&String>` is not satisfied
[INFO] [stdout]   --> app/src/main.rs:70:36
[INFO] [stdout]    |
[INFO] [stdout] 70 |                 let job = Job::new(&schedule, move |_uuid2, _l2| {
[INFO] [stdout]    |                           -------- ^^^^^^^^^ the trait `From<&String>` is not implemented for `cron::schedule::Schedule`
[INFO] [stdout]    |                           |
[INFO] [stdout]    |                           required by a bound introduced by this call
[INFO] [stdout]    |
[INFO] [stdout]    = help: the trait `TryFrom<&str>` is implemented for `cron::schedule::Schedule`
[INFO] [stdout]    = note: required for `&String` to implement `Into<cron::schedule::Schedule>`
[INFO] [stdout]    = note: required for `cron::schedule::Schedule` to implement `TryFrom<&String>`
[INFO] [stdout] note: required by a bound in `Job::new`
[INFO] [stdout]   --> /opt/rustwide/cargo-home/registry/src/index.crates.io-6f17d22bba15001f/tokio-cron-scheduler-0.9.4/src/job/mod.rs:99:30
[INFO] [stdout]    |
[INFO] [stdout] 95 |     pub fn new<S, T, E>(schedule: S, run: T) -> Result<Self, JobSchedulerError>
[INFO] [stdout]    |            --- required by a bound in this associated function
[INFO] [stdout] ...
[INFO] [stdout] 99 |         S: TryInto<Schedule, Error = E>,
[INFO] [stdout]    |                              ^^^^^^^^^ required by this bound in `Job::new`
[INFO] [stdout] 
[INFO] [stdout] 
[INFO] [stdout] error[E0599]: no method named `add` found for opaque type `impl Future<Output = Result<JobScheduler, JobSchedulerError>>` in the current scope
[INFO] [stdout]   --> app/src/main.rs:79:30
[INFO] [stdout]    |
[INFO] [stdout] 79 |                 record_sched.add(job).unwrap();
[INFO] [stdout]    |                              ^^^ method not found in `impl Future<Output = Result<JobScheduler, JobSchedulerError>>`
[INFO] [stdout] 
[INFO] [stdout] 
[INFO] [stdout] error[E0599]: no method named `add` found for opaque type `impl Future<Output = Result<JobScheduler, JobSchedulerError>>` in the current scope
[INFO] [stdout]   --> app/src/main.rs:79:30
[INFO] [stdout]    |
[INFO] [stdout] 79 |                 record_sched.add(job).unwrap();
[INFO] [stdout]    |                              ^^^ method not found in `impl Future<Output = Result<JobScheduler, JobSchedulerError>>`
[INFO] [stdout] 
[INFO] [stdout] 
[INFO] [stdout] error[E0599]: no method named `start` found for opaque type `impl Future<Output = Result<JobScheduler, JobSchedulerError>>` in the current scope
[INFO] [stdout]   --> app/src/main.rs:82:46
[INFO] [stdout]    |
[INFO] [stdout] 82 |         let _res = tokio::spawn(record_sched.start());
[INFO] [stdout]    |                                              ^^^^^ method not found in `impl Future<Output = Result<JobScheduler, JobSchedulerError>>`
[INFO] [stdout] 
[INFO] [stdout] 
[INFO] [stdout] error[E0599]: no method named `start` found for opaque type `impl Future<Output = Result<JobScheduler, JobSchedulerError>>` in the current scope
[INFO] [stdout]   --> app/src/main.rs:82:46
[INFO] [stdout]    |
[INFO] [stdout] 82 |         let _res = tokio::spawn(record_sched.start());
[INFO] [stdout]    |                                              ^^^^^ method not found in `impl Future<Output = Result<JobScheduler, JobSchedulerError>>`
[INFO] [stdout] 
[INFO] [stdout] 
[INFO] [stdout] error[E0308]: mismatched types
[INFO] [stdout]   --> app/src/main.rs:54:5
[INFO] [stdout]    |
[INFO] [stdout] 50 |   fn job_ag(init_schedule: &str) -> Result<Job, Box<dyn Error>> {
[INFO] [stdout]    |                                     --------------------------- expected `Result<Job, Box<(dyn std::error::Error + 'static)>>` because of return type
[INFO] [stdout] ...
[INFO] [stdout] 54 | /     Job::new(init_schedule, move |_uuid, _l| {
[INFO] [stdout] 55 | |         let mut record_sched = JobScheduler::new();
[INFO] [stdout] 56 | |         let arr: Vec<Ag> = Ag::init();
[INFO] [stdout] 57 | |
[INFO] [stdout] ...  |
[INFO] [stdout] 82 | |         let _res = tokio::spawn(record_sched.start());
[INFO] [stdout] 83 | |     })
[INFO] [stdout]    | |______^ expected `Result<Job, Box<dyn Error>>`, found `Result<Job, JobSchedulerError>`
[INFO] [stdout]    |
[INFO] [stdout]    = note: expected enum `Result<_, Box<(dyn std::error::Error + 'static)>>`
[INFO] [stdout]               found enum `Result<_, JobSchedulerError>`
[INFO] [stdout] help: use `?` to coerce and return an appropriate `Err`, and wrap the resulting value in `Ok` so the expression remains of type `Result`
[INFO] [stdout]    |
[INFO] [stdout] 54 ~     Ok(Job::new(init_schedule, move |_uuid, _l| {
[INFO] [stdout] 55 |         let mut record_sched = JobScheduler::new();
[INFO] [stdout]  ...
[INFO] [stdout] 82 |         let _res = tokio::spawn(record_sched.start());
[INFO] [stdout] 83 ~     })?)
[INFO] [stdout]    |
[INFO] [stdout] 
[INFO] [stdout] 
[INFO] [stdout] error[E0308]: mismatched types
[INFO] [stdout]   --> app/src/main.rs:54:5
[INFO] [stdout]    |
[INFO] [stdout] 50 |   fn job_ag(init_schedule: &str) -> Result<Job, Box<dyn Error>> {
[INFO] [stdout]    |                                     --------------------------- expected `Result<Job, Box<(dyn std::error::Error + 'static)>>` because of return type
[INFO] [stdout] ...
[INFO] [stdout] 54 | /     Job::new(init_schedule, move |_uuid, _l| {
[INFO] [stdout] 55 | |         let mut record_sched = JobScheduler::new();
[INFO] [stdout] 56 | |         let arr: Vec<Ag> = Ag::init();
[INFO] [stdout] 57 | |
[INFO] [stdout] ...  |
[INFO] [stdout] 82 | |         let _res = tokio::spawn(record_sched.start());
[INFO] [stdout] 83 | |     })
[INFO] [stdout]    | |______^ expected `Result<Job, Box<dyn Error>>`, found `Result<Job, JobSchedulerError>`
[INFO] [stdout]    |
[INFO] [stdout]    = note: expected enum `Result<_, Box<(dyn std::error::Error + 'static)>>`
[INFO] [stdout]               found enum `Result<_, JobSchedulerError>`
[INFO] [stdout] help: use `?` to coerce and return an appropriate `Err`, and wrap the resulting value in `Ok` so the expression remains of type `Result`
[INFO] [stdout]    |
[INFO] [stdout] 54 ~     Ok(Job::new(init_schedule, move |_uuid, _l| {
[INFO] [stdout] 55 |         let mut record_sched = JobScheduler::new();
[INFO] [stdout]  ...
[INFO] [stdout] 82 |         let _res = tokio::spawn(record_sched.start());
[INFO] [stdout] 83 ~     })?)
[INFO] [stdout]    |
[INFO] [stdout] 
[INFO] [stdout] 
[INFO] [stdout] error[E0308]: mismatched types
[INFO] [stdout]   --> app/src/main.rs:89:5
[INFO] [stdout]    |
[INFO] [stdout] 86 |   fn job_onsen(init_schedule: &str) -> Result<Job, Box<dyn Error>> {
[INFO] [stdout]    |                                        --------------------------- expected `Result<Job, Box<(dyn std::error::Error + 'static)>>` because of return type
[INFO] [stdout] ...
[INFO] [stdout] 89 | /     Job::new(init_schedule, move |_uuid, _l| {
[INFO] [stdout] 90 | |         let json: Vec<OnsenProgram> = OnsenProgram::init();
[INFO] [stdout] 91 | |         for i in &json {
[INFO] [stdout] 92 | |             info!("{}", i.title);
[INFO] [stdout] 93 | |             i.record();
[INFO] [stdout] 94 | |         }
[INFO] [stdout] 95 | |     })
[INFO] [stdout]    | |______^ expected `Result<Job, Box<dyn Error>>`, found `Result<Job, JobSchedulerError>`
[INFO] [stdout]    |
[INFO] [stdout]    = note: expected enum `Result<_, Box<(dyn std::error::Error + 'static)>>`
[INFO] [stdout]               found enum `Result<_, JobSchedulerError>`
[INFO] [stdout] help: use `?` to coerce and return an appropriate `Err`, and wrap the resulting value in `Ok` so the expression remains of type `Result`
[INFO] [stdout]    |
[INFO] [stdout] 89 ~     Ok(Job::new(init_schedule, move |_uuid, _l| {
[INFO] [stdout] 90 |         let json: Vec<OnsenProgram> = OnsenProgram::init();
[INFO] [stdout]  ...
[INFO] [stdout] 94 |         }
[INFO] [stdout] 95 ~     })?)
[INFO] [stdout]    |
[INFO] [stdout] 
[INFO] [stdout] 
[INFO] [stdout] error[E0308]: mismatched types
[INFO] [stdout]   --> app/src/main.rs:89:5
[INFO] [stdout]    |
[INFO] [stdout] 86 |   fn job_onsen(init_schedule: &str) -> Result<Job, Box<dyn Error>> {
[INFO] [stdout]    |                                        --------------------------- expected `Result<Job, Box<(dyn std::error::Error + 'static)>>` because of return type
[INFO] [stdout] ...
[INFO] [stdout] 89 | /     Job::new(init_schedule, move |_uuid, _l| {
[INFO] [stdout] 90 | |         let json: Vec<OnsenProgram> = OnsenProgram::init();
[INFO] [stdout] 91 | |         for i in &json {
[INFO] [stdout] 92 | |             info!("{}", i.title);
[INFO] [stdout] 93 | |             i.record();
[INFO] [stdout] 94 | |         }
[INFO] [stdout] 95 | |     })
[INFO] [stdout]    | |______^ expected `Result<Job, Box<dyn Error>>`, found `Result<Job, JobSchedulerError>`
[INFO] [stdout]    |
[INFO] [stdout]    = note: expected enum `Result<_, Box<(dyn std::error::Error + 'static)>>`
[INFO] [stdout]               found enum `Result<_, JobSchedulerError>`
[INFO] [stdout] help: use `?` to coerce and return an appropriate `Err`, and wrap the resulting value in `Ok` so the expression remains of type `Result`
[INFO] [stdout]    |
[INFO] [stdout] 89 ~     Ok(Job::new(init_schedule, move |_uuid, _l| {
[INFO] [stdout] 90 |         let json: Vec<OnsenProgram> = OnsenProgram::init();
[INFO] [stdout]  ...
[INFO] [stdout] 94 |         }
[INFO] [stdout] 95 ~     })?)
[INFO] [stdout]    |
[INFO] [stdout] 
[INFO] [stdout] 
[INFO] [stdout] error[E0308]: mismatched types
[INFO] [stdout]    --> app/src/main.rs:101:5
[INFO] [stdout]     |
[INFO] [stdout] 98  |   fn job_hibiki(init_schedule: &str) -> Result<Job, Box<dyn Error>> {
[INFO] [stdout]     |                                         --------------------------- expected `Result<Job, Box<(dyn std::error::Error + 'static)>>` because of return type
[INFO] [stdout] ...
[INFO] [stdout] 101 | /     Job::new(init_schedule, move |_uuid, _l| {
[INFO] [stdout] 102 | |         record();
[INFO] [stdout] 103 | |     })
[INFO] [stdout]     | |______^ expected `Result<Job, Box<dyn Error>>`, found `Result<Job, JobSchedulerError>`
[INFO] [stdout]     |
[INFO] [stdout]     = note: expected enum `Result<_, Box<(dyn std::error::Error + 'static)>>`
[INFO] [stdout]                found enum `Result<_, JobSchedulerError>`
[INFO] [stdout] help: use `?` to coerce and return an appropriate `Err`, and wrap the resulting value in `Ok` so the expression remains of type `Result`
[INFO] [stdout]     |
[INFO] [stdout] 101 ~     Ok(Job::new(init_schedule, move |_uuid, _l| {
[INFO] [stdout] 102 |         record();
[INFO] [stdout] 103 ~     })?)
[INFO] [stdout]     |
[INFO] [stdout] 
[INFO] [stdout] 
[INFO] [stdout] error[E0308]: mismatched types
[INFO] [stdout]    --> app/src/main.rs:101:5
[INFO] [stdout]     |
[INFO] [stdout] 98  |   fn job_hibiki(init_schedule: &str) -> Result<Job, Box<dyn Error>> {
[INFO] [stdout]     |                                         --------------------------- expected `Result<Job, Box<(dyn std::error::Error + 'static)>>` because of return type
[INFO] [stdout] ...
[INFO] [stdout] 101 | /     Job::new(init_schedule, move |_uuid, _l| {
[INFO] [stdout] 102 | |         record();
[INFO] [stdout] 103 | |     })
[INFO] [stdout]     | |______^ expected `Result<Job, Box<dyn Error>>`, found `Result<Job, JobSchedulerError>`
[INFO] [stdout]     |
[INFO] [stdout]     = note: expected enum `Result<_, Box<(dyn std::error::Error + 'static)>>`
[INFO] [stdout]                found enum `Result<_, JobSchedulerError>`
[INFO] [stdout] help: use `?` to coerce and return an appropriate `Err`, and wrap the resulting value in `Ok` so the expression remains of type `Result`
[INFO] [stdout]     |
[INFO] [stdout] 101 ~     Ok(Job::new(init_schedule, move |_uuid, _l| {
[INFO] [stdout] 102 |         record();
[INFO] [stdout] 103 ~     })?)
[INFO] [stdout]     |
[INFO] [stdout] 
[INFO] [stdout] 
[INFO] [stdout] warning: use of deprecated associated function `chrono::Local::today`: use `Local::now()` instead
[INFO] [stdout]    --> app/src/main.rs:137:29
[INFO] [stdout]     |
[INFO] [stdout] 137 |     let init_today = Local::today();
[INFO] [stdout]     |                             ^^^^^
[INFO] [stdout]     |
[INFO] [stdout]     = note: `#[warn(deprecated)]` on by default
[INFO] [stdout] 
[INFO] [stdout] 
[INFO] [stdout] warning: use of deprecated associated function `chrono::Local::today`: use `Local::now()` instead
[INFO] [stdout]    --> app/src/main.rs:137:29
[INFO] [stdout]     |
[INFO] [stdout] 137 |     let init_today = Local::today();
[INFO] [stdout]     |                             ^^^^^
[INFO] [stdout]     |
[INFO] [stdout]     = note: `#[warn(deprecated)]` on by default
[INFO] [stdout] 
[INFO] [stdout] 
[INFO] [stdout] error[E0599]: no method named `add` found for opaque type `impl Future<Output = Result<JobScheduler, JobSchedulerError>>` in the current scope
[INFO] [stdout]    --> app/src/main.rs:162:15
[INFO] [stdout]     |
[INFO] [stdout] 162 |         sched.add(job).expect("Failed to Add job to cron");
[INFO] [stdout]     |               ^^^ method not found in `impl Future<Output = Result<JobScheduler, JobSchedulerError>>`
[INFO] [stdout] 
[INFO] [stdout] 
[INFO] [stdout] error[E0599]: no method named `add` found for opaque type `impl Future<Output = Result<JobScheduler, JobSchedulerError>>` in the current scope
[INFO] [stdout]    --> app/src/main.rs:162:15
[INFO] [stdout]     |
[INFO] [stdout] 162 |         sched.add(job).expect("Failed to Add job to cron");
[INFO] [stdout]     |               ^^^ method not found in `impl Future<Output = Result<JobScheduler, JobSchedulerError>>`
[INFO] [stdout] 
[INFO] [stdout] 
[INFO] [stdout] error[E0599]: no method named `add` found for opaque type `impl Future<Output = Result<JobScheduler, JobSchedulerError>>` in the current scope
[INFO] [stdout]    --> app/src/main.rs:165:11
[INFO] [stdout]     |
[INFO] [stdout] 165 |     sched.add(job).expect("Failed to Add job to cron");
[INFO] [stdout]     |           ^^^ method not found in `impl Future<Output = Result<JobScheduler, JobSchedulerError>>`
[INFO] [stdout] 
[INFO] [stdout] 
[INFO] [stdout] error[E0599]: no method named `add` found for opaque type `impl Future<Output = Result<JobScheduler, JobSchedulerError>>` in the current scope
[INFO] [stdout]    --> app/src/main.rs:165:11
[INFO] [stdout]     |
[INFO] [stdout] 165 |     sched.add(job).expect("Failed to Add job to cron");
[INFO] [stdout]     |           ^^^ method not found in `impl Future<Output = Result<JobScheduler, JobSchedulerError>>`
[INFO] [stdout] 
[INFO] [stdout] 
[INFO] [stdout] error[E0599]: no method named `add` found for opaque type `impl Future<Output = Result<JobScheduler, JobSchedulerError>>` in the current scope
[INFO] [stdout]    --> app/src/main.rs:181:15
[INFO] [stdout]     |
[INFO] [stdout] 181 |         sched.add(job).expect("Failed to Add job to cron");
[INFO] [stdout]     |               ^^^ method not found in `impl Future<Output = Result<JobScheduler, JobSchedulerError>>`
[INFO] [stdout] 
[INFO] [stdout] 
[INFO] [stdout] error[E0599]: no method named `add` found for opaque type `impl Future<Output = Result<JobScheduler, JobSchedulerError>>` in the current scope
[INFO] [stdout]    --> app/src/main.rs:181:15
[INFO] [stdout]     |
[INFO] [stdout] 181 |         sched.add(job).expect("Failed to Add job to cron");
[INFO] [stdout]     |               ^^^ method not found in `impl Future<Output = Result<JobScheduler, JobSchedulerError>>`
[INFO] [stdout] 
[INFO] [stdout] 
[INFO] [stdout] error[E0599]: no method named `add` found for opaque type `impl Future<Output = Result<JobScheduler, JobSchedulerError>>` in the current scope
[INFO] [stdout]    --> app/src/main.rs:185:11
[INFO] [stdout]     |
[INFO] [stdout] 185 |     sched.add(job).expect("Failed to Add job to cron");
[INFO] [stdout]     |           ^^^ method not found in `impl Future<Output = Result<JobScheduler, JobSchedulerError>>`
[INFO] [stdout] 
[INFO] [stdout] 
[INFO] [stdout] error[E0599]: no method named `add` found for opaque type `impl Future<Output = Result<JobScheduler, JobSchedulerError>>` in the current scope
[INFO] [stdout]    --> app/src/main.rs:185:11
[INFO] [stdout]     |
[INFO] [stdout] 185 |     sched.add(job).expect("Failed to Add job to cron");
[INFO] [stdout]     |           ^^^ method not found in `impl Future<Output = Result<JobScheduler, JobSchedulerError>>`
[INFO] [stdout] 
[INFO] [stdout] 
[INFO] [stdout] error[E0599]: no method named `add` found for opaque type `impl Future<Output = Result<JobScheduler, JobSchedulerError>>` in the current scope
[INFO] [stdout]    --> app/src/main.rs:201:15
[INFO] [stdout]     |
[INFO] [stdout] 201 |         sched.add(job).expect("Failed to Add job to cron");
[INFO] [stdout]     |               ^^^ method not found in `impl Future<Output = Result<JobScheduler, JobSchedulerError>>`
[INFO] [stdout] 
[INFO] [stdout] 
[INFO] [stdout] error[E0599]: no method named `add` found for opaque type `impl Future<Output = Result<JobScheduler, JobSchedulerError>>` in the current scope
[INFO] [stdout]    --> app/src/main.rs:201:15
[INFO] [stdout]     |
[INFO] [stdout] 201 |         sched.add(job).expect("Failed to Add job to cron");
[INFO] [stdout]     |               ^^^ method not found in `impl Future<Output = Result<JobScheduler, JobSchedulerError>>`
[INFO] [stdout] 
[INFO] [stdout] 
[INFO] [stdout] error[E0599]: no method named `add` found for opaque type `impl Future<Output = Result<JobScheduler, JobSchedulerError>>` in the current scope
[INFO] [stdout]    --> app/src/main.rs:203:15
[INFO] [stdout]     |
[INFO] [stdout] 203 |         sched.add(job).expect("Failed to Add job to cron");
[INFO] [stdout]     |               ^^^ method not found in `impl Future<Output = Result<JobScheduler, JobSchedulerError>>`
[INFO] [stdout] 
[INFO] [stdout] 
[INFO] [stdout] error[E0599]: no method named `add` found for opaque type `impl Future<Output = Result<JobScheduler, JobSchedulerError>>` in the current scope
[INFO] [stdout]    --> app/src/main.rs:203:15
[INFO] [stdout]     |
[INFO] [stdout] 203 |         sched.add(job).expect("Failed to Add job to cron");
[INFO] [stdout]     |               ^^^ method not found in `impl Future<Output = Result<JobScheduler, JobSchedulerError>>`
[INFO] [stdout] 
[INFO] [stdout] 
[INFO] [stdout] error[E0599]: no method named `add` found for opaque type `impl Future<Output = Result<JobScheduler, JobSchedulerError>>` in the current scope
[INFO] [stdout]    --> app/src/main.rs:207:11
[INFO] [stdout]     |
[INFO] [stdout] 207 |     sched.add(job).expect("Failed to Add job to cron");
[INFO] [stdout]     |           ^^^ method not found in `impl Future<Output = Result<JobScheduler, JobSchedulerError>>`
[INFO] [stdout] 
[INFO] [stdout] 
[INFO] [stdout] error[E0599]: no method named `add` found for opaque type `impl Future<Output = Result<JobScheduler, JobSchedulerError>>` in the current scope
[INFO] [stdout]    --> app/src/main.rs:207:11
[INFO] [stdout]     |
[INFO] [stdout] 207 |     sched.add(job).expect("Failed to Add job to cron");
[INFO] [stdout]     |           ^^^ method not found in `impl Future<Output = Result<JobScheduler, JobSchedulerError>>`
[INFO] [stdout] 
[INFO] [stdout] 
[INFO] [stdout] error[E0599]: no method named `add` found for opaque type `impl Future<Output = Result<JobScheduler, JobSchedulerError>>` in the current scope
[INFO] [stdout]    --> app/src/main.rs:209:11
[INFO] [stdout]     |
[INFO] [stdout] 209 |     sched.add(job).expect("Failed to Add job to cron");
[INFO] [stdout]     |           ^^^ method not found in `impl Future<Output = Result<JobScheduler, JobSchedulerError>>`
[INFO] [stdout] 
[INFO] [stdout] 
[INFO] [stdout] error[E0599]: no method named `add` found for opaque type `impl Future<Output = Result<JobScheduler, JobSchedulerError>>` in the current scope
[INFO] [stdout]    --> app/src/main.rs:209:11
[INFO] [stdout]     |
[INFO] [stdout] 209 |     sched.add(job).expect("Failed to Add job to cron");
[INFO] [stdout]     |           ^^^ method not found in `impl Future<Output = Result<JobScheduler, JobSchedulerError>>`
[INFO] [stdout] 
[INFO] [stdout] 
[INFO] [stdout] error[E0599]: no method named `add` found for opaque type `impl Future<Output = Result<JobScheduler, JobSchedulerError>>` in the current scope
[INFO] [stdout]    --> app/src/main.rs:228:15
[INFO] [stdout]     |
[INFO] [stdout] 228 |         sched.add(job).expect("Failed to Add job to cron");
[INFO] [stdout]     |               ^^^ method not found in `impl Future<Output = Result<JobScheduler, JobSchedulerError>>`
[INFO] [stdout] 
[INFO] [stdout] 
[INFO] [stdout] error[E0599]: no method named `add` found for opaque type `impl Future<Output = Result<JobScheduler, JobSchedulerError>>` in the current scope
[INFO] [stdout]    --> app/src/main.rs:228:15
[INFO] [stdout]     |
[INFO] [stdout] 228 |         sched.add(job).expect("Failed to Add job to cron");
[INFO] [stdout]     |               ^^^ method not found in `impl Future<Output = Result<JobScheduler, JobSchedulerError>>`
[INFO] [stdout] 
[INFO] [stdout] 
[INFO] [stdout] error[E0599]: no method named `add` found for opaque type `impl Future<Output = Result<JobScheduler, JobSchedulerError>>` in the current scope
[INFO] [stdout]    --> app/src/main.rs:232:11
[INFO] [stdout]     |
[INFO] [stdout] 232 |     sched.add(job).expect("Failed to Add job to cron");
[INFO] [stdout]     |           ^^^ method not found in `impl Future<Output = Result<JobScheduler, JobSchedulerError>>`
[INFO] [stdout] 
[INFO] [stdout] 
[INFO] [stdout] error[E0599]: no method named `add` found for opaque type `impl Future<Output = Result<JobScheduler, JobSchedulerError>>` in the current scope
[INFO] [stdout]    --> app/src/main.rs:232:11
[INFO] [stdout]     |
[INFO] [stdout] 232 |     sched.add(job).expect("Failed to Add job to cron");
[INFO] [stdout]     |           ^^^ method not found in `impl Future<Output = Result<JobScheduler, JobSchedulerError>>`
[INFO] [stdout] 
[INFO] [stdout] 
[INFO] [stdout] error[E0599]: no method named `start` found for opaque type `impl Future<Output = Result<JobScheduler, JobSchedulerError>>` in the current scope
[INFO] [stdout]    --> app/src/main.rs:234:17
[INFO] [stdout]     |
[INFO] [stdout] 234 |     match sched.start().await {
[INFO] [stdout]     |                 ^^^^^ method not found in `impl Future<Output = Result<JobScheduler, JobSchedulerError>>`
[INFO] [stdout] 
[INFO] [stdout] 
[INFO] [stdout] error[E0599]: no method named `start` found for opaque type `impl Future<Output = Result<JobScheduler, JobSchedulerError>>` in the current scope
[INFO] [stdout]    --> app/src/main.rs:234:17
[INFO] [stdout]     |
[INFO] [stdout] 234 |     match sched.start().await {
[INFO] [stdout]     |                 ^^^^^ method not found in `impl Future<Output = Result<JobScheduler, JobSchedulerError>>`
[INFO] [stdout] 
[INFO] [stdout] 
[INFO] [stdout] error: aborting due to 21 previous errors; 1 warning emitted
[INFO] [stdout] 
[INFO] [stdout] 
[INFO] [stdout] Some errors have detailed explanations: E0277, E0308, E0599.
[INFO] [stdout] 
[INFO] [stdout] For more information about an error, try `rustc --explain E0277`.
[INFO] [stdout] 
[INFO] [stdout] error: aborting due to 21 previous errors; 1 warning emitted
[INFO] [stdout] 
[INFO] [stdout] 
[INFO] [stdout] Some errors have detailed explanations: E0277, E0308, E0599.
[INFO] [stdout] 
[INFO] [stdout] For more information about an error, try `rustc --explain E0277`.
[INFO] [stdout] 
[INFO] [stderr] error: could not compile `rs-net-radio` (bin "rs-net-radio") due to 22 previous errors; 1 warning emitted
[INFO] [stderr] warning: build failed, waiting for other jobs to finish...
[INFO] [stderr] error: could not compile `rs-net-radio` (bin "rs-net-radio" test) due to 22 previous errors; 1 warning emitted
[INFO] running `Command { std: "docker" "inspect" "7b64fec3bc9d1955c6ad295a7b98cbc3dd2a1f91cdffba70fef7011a2b2e5d52", kill_on_drop: false }`
[INFO] running `Command { std: "docker" "rm" "-f" "7b64fec3bc9d1955c6ad295a7b98cbc3dd2a1f91cdffba70fef7011a2b2e5d52", kill_on_drop: false }`
[INFO] [stdout] 7b64fec3bc9d1955c6ad295a7b98cbc3dd2a1f91cdffba70fef7011a2b2e5d52
